he greatest common divisor of n and b.
4
Suppose -34 + 1 = -q. Suppose 171 = 6*t - 2*t + 5*p, 0 = -t + 2*p + q. What is the greatest common divisor of t and 13?
13
Let p be 112 - 9/6*2. Let x = 169 - p. What is the highest common factor of 15 and x?
15
Let l = 37 - 26. Suppose 0*g - l = -g. Calculate the greatest common factor of 121 and g.
11
Let b be (29 - -1)*4/10. Let h(o) = -18*o**3 - 4*o**2 - o + 2. Let z be h(-2). Calculate the greatest common factor of z and b.
12
Suppose -7*w + 6*w = -7. What is the highest common factor of w and 1?
1
Let r(d) = d**3 + 16*d**2 + 15*d + 34. Let v be r(-15). What is the highest common factor of v and 17?
17
Let o(p) = p + 7. Let a be o(-6). Let f(z) = z**3 + 6*z**2 - 6*z + 3. Let v be f(-7). Let q be (v/10)/(1/(-5)). Calculate the highest common factor of q and a.
1
Let g(m) = -2*m + 8. Let y be 12/9*27/(-6). Let n be g(y). Calculate the greatest common divisor of 4 and n.
4
Let w be (9/12)/((-4)/(-528)). What is the highest common factor of w and 9?
9
Let z be 3/(-2 + 3) - 0. Suppose z*u - 1 = 62. What is the highest common factor of u and 3?
3
Let a be ((2 + -2)/3)/(-3). Suppose a*m - 132 = -4*m. What is the greatest common factor of m and 11?
11
Let z = 12 + -7. Suppose -3*x - h = 45 - 153, 4*x = -z*h + 144. Calculate the greatest common divisor of 24 and x.
12
Let u = 0 + 0. Let p(s) = 6*s - 9. Let r(m) = -m + 2. Let v(z) = 2*p(z) + 11*r(z). Let n be v(u). What is the greatest common divisor of n and 4?
4
Let p = -126 + 321. Suppose -4*i = -i - p. What is the greatest common factor of i and 26?
13
Suppose -r - 7 = -a, 0*r - 2*a + 8 = r. Let s = -18 + 26. Let u = s - r. What is the highest common factor of u and 90?
10
Let g(y) = -y**3 + 7*y**2 + 11*y - 8. Let b be g(8). Let t(r) = r - 5. Let z = 15 - 6. Let k be t(z). What is the highest common factor of b and k?
4
Let a(m) = 6*m**2 + 1. Let o be a(1). Suppose -4*s - f = -2*f - 193, -5*s + 233 = -4*f. What is the greatest common factor of o and s?
7
Let f be 4/4*(5 + 0). Let o(c) = 4*c - c - f*c. Let d be o(-10). Calculate the greatest common factor of 30 and d.
10
Suppose 0*y - 269 = -3*i - 5*y, 4*i + 4*y = 356. Calculate the highest common factor of i and 8.
8
Let s be (0 - (3 - 2)) + 25. Let n be (-684)/(-14) - 1/(-7). Let k be ((-42)/n)/(1/(-14)). Calculate the highest common divisor of k and s.
12
Let x(u) = 2*u - 2*u - 2*u + 3*u - 1. Suppose 3*q = 16 + 8. Let z be x(q). Calculate the highest common factor of z and 1.
1
Suppose -3*u + 4*u = 29. What is the greatest common factor of u and 29?
29
Suppose -17 = 3*b + 7. Let y = 0 - b. What is the highest common factor of y and 8?
8
Let a be ((-7)/2 + 4)*0. Let o be 9 + (-5 - (a + -2)). What is the highest common factor of o and 54?
6
Suppose b - 7 = 60. Suppose -10 - b = -q. What is the greatest common divisor of q and 7?
7
Suppose -u + 7 = i, -3*u + 4*i = -2*u - 22. Suppose 4*g - u - 30 = 0. Calculate the greatest common divisor of g and 80.
10
Let a(o) = -17*o - 1. Let w be a(-2). Suppose 9 = 2*k - k. Suppose -u + k = 2*u. Calculate the highest common factor of u and w.
3
Let c = -7 + 13. Let q be ((-2)/c)/((-1)/45). What is the greatest common factor of q and 120?
15
Let s = -9 - -30. Let r = 15 - 0. Suppose -2*g - 1 + r = 0. What is the highest common factor of s and g?
7
Suppose -5*m + 34 = b, -4*m - m = -4*b - 14. Let i(a) = 5*a - 32. Let p be i(16). What is the highest common divisor of m and p?
6
Suppose 0*v + 3*v - 180 = 0. Let t = -29 - -32. Suppose -4*c + 52 = 2*z, 0*c - 69 = -3*z + t*c. Calculate the greatest common factor of v and z.
12
Suppose 4*d = 3*w - 0*d - 30, 3*d + 40 = 4*w. Suppose 5*u - j = 135, -j - w = j. What is the greatest common divisor of 13 and u?
13
Let w = 60 + -43. Suppose -3*l + 12 + 243 = 0. What is the highest common divisor of l and w?
17
Let k = 281 - 50. Suppose i - 41 = -5*w, -4*i - 5*w = i - 125. What is the highest common factor of k and i?
21
Suppose 0 = 3*t - 8*t + 15. Suppose -4*v + 5 = -a, -21 = -2*v - t*a - 8. What is the greatest common factor of v and 6?
2
Let h(t) be the first derivative of -t**4/4 - t**3 + 3*t**2/2 + 7. Let i be h(-4). What is the highest common divisor of 44 and i?
4
Let x(k) = -k**3 - 9*k**2 + k + 21. Let v be x(-9). Calculate the greatest common divisor of v and 132.
12
Suppose 2*u - 5 = -k, 3*k + 5*u = -2*k + 30. Let d = 0 + 0. Suppose d = 4*y + 153 - 461. What is the greatest common divisor of y and k?
7
Suppose -23 - 1 = -4*t. Suppose 4*j - t*j = -30. Calculate the highest common factor of j and 15.
15
Let b = -33 - -72. Suppose u = -2*u + b. Calculate the highest common divisor of 91 and u.
13
Let z = 15 + -15. Suppose 4*n = -z + 4. What is the greatest common divisor of n and 7?
1
Suppose -3*x + 337 + 37 = 4*i, -469 = -5*i - 3*x. What is the greatest common divisor of i and 38?
19
Let y be (-19)/(-95) + 1038/10. Calculate the greatest common divisor of y and 13.
13
Let w be 8/((-3)/((-18)/4)). Suppose 2*j + 8 = -w. Let d be j/4*-1*10. Calculate the highest common divisor of d and 10.
5
Let m(q) = 12*q - 4. Let s be m(3). Let j be 12/15*(-50)/(-4). Let b(l) = l**2 - 7*l - 14. Let x be b(j). Calculate the highest common factor of x and s.
16
Let g be -1 + 17 + 6/3. Let s = g - 8. What is the highest common factor of 15 and s?
5
Let b be (2 - 1)/((-3)/(-12)). Let h(y) = -2*y + 2. Let q be h(b). Let p(k) = -4*k - 8. Let t be p(q). What is the highest common divisor of 40 and t?
8
Suppose -r = -a - 2*r + 58, -6 = 3*r. Suppose 3*k - 3*f + 23 = 71, -f - 28 = -2*k. Calculate the highest common divisor of a and k.
12
Suppose -3 + 0 = i - 2*u, 2 = -4*i - 2*u. Let w be 0/(2 + (-4 - i)). Let y be 97 - (w - (3 + -1)). Calculate the highest common factor of y and 9.
9
Suppose 0*z + 3*t + 212 = -z, 3*t = 2*z + 406. Let m = z + 305. What is the highest common factor of 9 and m?
9
Let u = -97 - -141. Calculate the highest common factor of u and 66.
22
Let b = -17 + 43. What is the highest common factor of 65 and b?
13
Suppose 58*z = 63*z - 135. Calculate the greatest common divisor of z and 27.
27
Suppose 2*v - 1620 = -3*v. Suppose 0*x + v = 4*x. Suppose 4*u - 2*p - 294 = 0, 0*u - u + x = 2*p. What is the highest common factor of u and 30?
15
Suppose -5*t = 9 + 21. Let u be (-21)/t + 3/6. Suppose 0 = -3*q - 2*q - u*v + 212, 0 = 4*q - 4*v - 148. Calculate the greatest common factor of 10 and q.
10
Let w(n) be the first derivative of -4 + 3*n + 1/3*n**3 - 1/2*n**2. Let q be w(-3). Calculate the highest common factor of 15 and q.
15
Let j(k) = k**3 + 5*k**2 - k - 1. Let r be j(-5). Let x(n) = 7*n. Let q be x(r). What is the highest common factor of q and 28?
28
Suppose -20 = -3*n + 2*i, n = -2*n + 3*i + 18. What is the highest common divisor of n and 2?
2
Let s(w) = w**2 + 5*w + 1. Let t be s(-5). Calculate the highest common divisor of 7 and t.
1
Suppose 0 = 4*u - 16, 4*i - 2*i = -5*u + 74. What is the greatest common factor of 216 and i?
27
Let b = 28 - 22. What is the highest common factor of 30 and b?
6
Let k = -1 + 1. Suppose k = -3*s - 5*q - 2 + 10, -2*s - 3*q = -6. Let p be ((-27)/12)/(15/(-20)). Calculate the highest common factor of p and s.
3
Suppose -8*i = -4*i + 3*a - 112, 2*i + 2*a - 56 = 0. What is the highest common divisor of 14 and i?
14
Suppose 2*w - 4 = 4. Suppose 0 = w*p - 5*p + 54. Suppose -4*f + 2*b + 47 = 15, 0 = f - 2*b - 14. What is the greatest common divisor of p and f?
6
Let c(u) = 0 + 1 + u - 1. Let h be c(5). Calculate the greatest common divisor of h and 45.
5
Let z be (0 + 3 + -2)*30. Let f be z/(9/(-3))*-2. Let w be 4/(-2)*(-10)/4. Calculate the highest common factor of f and w.
5
Let m(o) = o**3 + 8*o**2 + o + 7. Let v be m(-7). Calculate the greatest common divisor of 196 and v.
49
Suppose 3*p - 78 = -3*z, -4*p + p = 5*z - 80. What is the highest common factor of 50 and p?
25
Let p(y) = -9*y**3 + 2*y**2 + y. Let q be p(-1). Suppose t = -5*j, 4*t + j - 9 = 2*t. Calculate the highest common divisor of t and q.
5
Let v be (-2 - -2)/3*-1. Suppose -p + 3*p + 2*m - 22 = 0, v = -2*p + 4*m - 8. Let x be (-2)/(-7) - (-25)/35. What is the greatest common factor of x and p?
1
Suppose -5*k - 2*y + 143 - 7 = 0, -y + 133 = 5*k. Calculate the highest common factor of k and 286.
26
Suppose f = -4*n + 304 - 113, -4*f = 